{"id":849,"date":"2020-03-26T12:51:45","date_gmt":"2020-03-26T11:51:45","guid":{"rendered":"https:\/\/www.brillenmacher-schneider.de\/?page_id=849"},"modified":"2025-01-12T16:50:49","modified_gmt":"2025-01-12T15:50:49","slug":"glaspreisaktion","status":"publish","type":"page","link":"https:\/\/www.brillenmacher-schneider.de\/?page_id=849","title":{"rendered":"Glaspreisaktion"},"content":{"rendered":"\n\n\t<h6><em><strong>Sonnenbrillengl\u00e4ser in Ihrer Glasst\u00e4rke<\/strong><\/em><\/h6>\n\t<strong>&#8211; Kunststoffgl\u00e4ser<\/strong><strong><br \/>\n&#8211; grau, gr\u00fcn oder braun<\/strong><strong><br \/>\n&#8211; mit 75% oder 85% T\u00f6nung<\/strong><strong><br \/>\n&#8211; das Glaspaar ab 35,00 Euro<\/strong><strong><br \/>\n&#8211; das Gleitsicht-Glaspaar ab 89,00 Euro<\/strong>\n\t<h6><em><strong> Einst\u00e4rkengl\u00e4ser f\u00fcr Fern- und Nahbrillen<\/strong><\/em><\/h6>\n<strong>&#8211; Kunststoff<\/strong><br \/>\n<strong>&#8211; hochwertig entspiegelt<\/strong><br \/>\n<strong>&#8211; kratzfest und schmutzabweisend<\/strong><br \/>\n<strong>&#8211; bis +\/- 6,0 Dpt u. + 2,0 Zylinder<\/strong><br \/>\n<strong>&#8211; das Glaspaar f\u00fcr 59,00 Euro<\/strong>\n\t<h6><em><strong>F\u00fcr den Bildschirmarbeitsplatz<\/strong><\/em><\/h6>\n<strong>&#8211; Index 1,6 Protect<\/strong><br \/>\n<strong>&#8211; d\u00fcnner Kunststoff mit 100% UV-Schutz, blau Filter und angenehmen Restreflex<\/strong><br \/>\n<strong>&#8211; bis +\/- 6,0 Dpt u. + 2,0 Zylinder<\/strong><br \/>\n<strong>&#8211; das Glaspaar f\u00fcr 98,00 Euro<\/strong>\n\t<h6><strong>Rufen Sie uns an ! Wir beraten Sie gerne !<\/strong><\/h6>\n\n","protected":false},"excerpt":{"rendered":"<p>Sonnenbrillengl\u00e4ser in Ihrer Glasst\u00e4rke &#8211; Kunststoffgl\u00e4ser &#8211; grau, gr\u00fcn oder braun &#8211; mit 75% oder 85% T\u00f6nung &#8211; das Glaspaar ab 35,00 Euro &#8211; das Gleitsicht-Glaspaar ab 89,00 Euro Einst\u00e4rkengl\u00e4ser f\u00fcr Fern- und Nahbrillen &#8211; Kunststoff &#8211; hochwertig entspiegelt &#8211;<\/p>\n","protected":false},"author":1,"featured_media":0,"parent":0,"menu_order":0,"comment_status":"closed","ping_status":"closed","template":"","meta":{"ngg_post_thumbnail":0,"footnotes":""},"class_list":["post-849","page","type-page","status-publish","hentry","","tg-column-two"],"yoast_head":"<!-- This site is optimized with the Yoast SEO plugin v26.3 - https:\/\/yoast.com\/wordpress\/plugins\/seo\/ -->\n<title>Glaspreisaktion | Brillenmacher-Schneider<\/title>\n<meta name=\"robots\" content=\"index, follow, max-snippet:-1, max-image-preview:large, max-video-preview:-1\" \/>\n<link rel=\"canonical\" href=\"https:\/\/www.brillenmacher-schneider.de\/?page_id=849\" \/>\n<meta property=\"og:locale\" content=\"de_DE\" \/>\n<meta property=\"og:type\" content=\"article\" \/>\n<meta property=\"og:title\" content=\"Glaspreisaktion | Brillenmacher-Schneider\" \/>\n<meta property=\"og:description\" content=\"Sonnenbrillengl\u00e4ser in Ihrer Glasst\u00e4rke &#8211; Kunststoffgl\u00e4ser &#8211; grau, gr\u00fcn oder braun &#8211; mit 75% oder 85% T\u00f6nung &#8211; das Glaspaar ab 35,00 Euro &#8211; das Gleitsicht-Glaspaar ab 89,00 Euro Einst\u00e4rkengl\u00e4ser f\u00fcr Fern- und Nahbrillen &#8211; Kunststoff &#8211; hochwertig entspiegelt &#8211;\" \/>\n<meta property=\"og:url\" content=\"https:\/\/www.brillenmacher-schneider.de\/?page_id=849\" \/>\n<meta property=\"og:site_name\" content=\"Brillenmacher-Schneider\" \/>\n<meta property=\"article:modified_time\" content=\"2025-01-12T15:50:49+00:00\" \/>\n<meta name=\"twitter:card\" content=\"summary_large_image\" \/>\n<script type=\"application\/ld+json\" class=\"yoast-schema-graph\">{\"@context\":\"https:\/\/schema.org\",\"@graph\":[{\"@type\":\"WebPage\",\"@id\":\"https:\/\/www.brillenmacher-schneider.de\/?page_id=849\",\"url\":\"https:\/\/www.brillenmacher-schneider.de\/?page_id=849\",\"name\":\"Glaspreisaktion | Brillenmacher-Schneider\",\"isPartOf\":{\"@id\":\"https:\/\/www.brillenmacher-schneider.de\/#website\"},\"datePublished\":\"2020-03-26T11:51:45+00:00\",\"dateModified\":\"2025-01-12T15:50:49+00:00\",\"breadcrumb\":{\"@id\":\"https:\/\/www.brillenmacher-schneider.de\/?page_id=849#breadcrumb\"},\"inLanguage\":\"de\",\"potentialAction\":[{\"@type\":\"ReadAction\",\"target\":[\"https:\/\/www.brillenmacher-schneider.de\/?page_id=849\"]}]},{\"@type\":\"BreadcrumbList\",\"@id\":\"https:\/\/www.brillenmacher-schneider.de\/?page_id=849#breadcrumb\",\"itemListElement\":[{\"@type\":\"ListItem\",\"position\":1,\"name\":\"Startseite\",\"item\":\"https:\/\/www.brillenmacher-schneider.de\/\"},{\"@type\":\"ListItem\",\"position\":2,\"name\":\"Glaspreisaktion\"}]},{\"@type\":\"WebSite\",\"@id\":\"https:\/\/www.brillenmacher-schneider.de\/#website\",\"url\":\"https:\/\/www.brillenmacher-schneider.de\/\",\"name\":\"Brillenmacher-Schneider\",\"description\":\"\",\"publisher\":{\"@id\":\"https:\/\/www.brillenmacher-schneider.de\/#organization\"},\"potentialAction\":[{\"@type\":\"SearchAction\",\"target\":{\"@type\":\"EntryPoint\",\"urlTemplate\":\"https:\/\/www.brillenmacher-schneider.de\/?s={search_term_string}\"},\"query-input\":{\"@type\":\"PropertyValueSpecification\",\"valueRequired\":true,\"valueName\":\"search_term_string\"}}],\"inLanguage\":\"de\"},{\"@type\":\"Organization\",\"@id\":\"https:\/\/www.brillenmacher-schneider.de\/#organization\",\"name\":\"BRILLENMACHER - SCHNEIDER\",\"url\":\"https:\/\/www.brillenmacher-schneider.de\/\",\"logo\":{\"@type\":\"ImageObject\",\"inLanguage\":\"de\",\"@id\":\"https:\/\/www.brillenmacher-schneider.de\/#\/schema\/logo\/image\/\",\"url\":\"https:\/\/www.brillenmacher-schneider.de\/wp-content\/uploads\/2021\/09\/log.jpg\",\"contentUrl\":\"https:\/\/www.brillenmacher-schneider.de\/wp-content\/uploads\/2021\/09\/log.jpg\",\"width\":389,\"height\":123,\"caption\":\"BRILLENMACHER - SCHNEIDER\"},\"image\":{\"@id\":\"https:\/\/www.brillenmacher-schneider.de\/#\/schema\/logo\/image\/\"}}]}<\/script>\n<!-- \/ Yoast SEO plugin. -->","yoast_head_json":{"title":"Glaspreisaktion | Brillenmacher-Schneider","robots":{"index":"index","follow":"follow","max-snippet":"max-snippet:-1","max-image-preview":"max-image-preview:large","max-video-preview":"max-video-preview:-1"},"canonical":"https:\/\/www.brillenmacher-schneider.de\/?page_id=849","og_locale":"de_DE","og_type":"article","og_title":"Glaspreisaktion | Brillenmacher-Schneider","og_description":"Sonnenbrillengl\u00e4ser in Ihrer Glasst\u00e4rke &#8211; Kunststoffgl\u00e4ser &#8211; grau, gr\u00fcn oder braun &#8211; mit 75% oder 85% T\u00f6nung &#8211; das Glaspaar ab 35,00 Euro &#8211; das Gleitsicht-Glaspaar ab 89,00 Euro Einst\u00e4rkengl\u00e4ser f\u00fcr Fern- und Nahbrillen &#8211; Kunststoff &#8211; hochwertig entspiegelt &#8211;","og_url":"https:\/\/www.brillenmacher-schneider.de\/?page_id=849","og_site_name":"Brillenmacher-Schneider","article_modified_time":"2025-01-12T15:50:49+00:00","twitter_card":"summary_large_image","schema":{"@context":"https:\/\/schema.org","@graph":[{"@type":"WebPage","@id":"https:\/\/www.brillenmacher-schneider.de\/?page_id=849","url":"https:\/\/www.brillenmacher-schneider.de\/?page_id=849","name":"Glaspreisaktion | Brillenmacher-Schneider","isPartOf":{"@id":"https:\/\/www.brillenmacher-schneider.de\/#website"},"datePublished":"2020-03-26T11:51:45+00:00","dateModified":"2025-01-12T15:50:49+00:00","breadcrumb":{"@id":"https:\/\/www.brillenmacher-schneider.de\/?page_id=849#breadcrumb"},"inLanguage":"de","potentialAction":[{"@type":"ReadAction","target":["https:\/\/www.brillenmacher-schneider.de\/?page_id=849"]}]},{"@type":"BreadcrumbList","@id":"https:\/\/www.brillenmacher-schneider.de\/?page_id=849#breadcrumb","itemListElement":[{"@type":"ListItem","position":1,"name":"Startseite","item":"https:\/\/www.brillenmacher-schneider.de\/"},{"@type":"ListItem","position":2,"name":"Glaspreisaktion"}]},{"@type":"WebSite","@id":"https:\/\/www.brillenmacher-schneider.de\/#website","url":"https:\/\/www.brillenmacher-schneider.de\/","name":"Brillenmacher-Schneider","description":"","publisher":{"@id":"https:\/\/www.brillenmacher-schneider.de\/#organization"},"potentialAction":[{"@type":"SearchAction","target":{"@type":"EntryPoint","urlTemplate":"https:\/\/www.brillenmacher-schneider.de\/?s={search_term_string}"},"query-input":{"@type":"PropertyValueSpecification","valueRequired":true,"valueName":"search_term_string"}}],"inLanguage":"de"},{"@type":"Organization","@id":"https:\/\/www.brillenmacher-schneider.de\/#organization","name":"BRILLENMACHER - SCHNEIDER","url":"https:\/\/www.brillenmacher-schneider.de\/","logo":{"@type":"ImageObject","inLanguage":"de","@id":"https:\/\/www.brillenmacher-schneider.de\/#\/schema\/logo\/image\/","url":"https:\/\/www.brillenmacher-schneider.de\/wp-content\/uploads\/2021\/09\/log.jpg","contentUrl":"https:\/\/www.brillenmacher-schneider.de\/wp-content\/uploads\/2021\/09\/log.jpg","width":389,"height":123,"caption":"BRILLENMACHER - SCHNEIDER"},"image":{"@id":"https:\/\/www.brillenmacher-schneider.de\/#\/schema\/logo\/image\/"}}]}},"_links":{"self":[{"href":"https:\/\/www.brillenmacher-schneider.de\/index.php?rest_route=\/wp\/v2\/pages\/849","targetHints":{"allow":["GET"]}}],"collection":[{"href":"https:\/\/www.brillenmacher-schneider.de\/index.php?rest_route=\/wp\/v2\/pages"}],"about":[{"href":"https:\/\/www.brillenmacher-schneider.de\/index.php?rest_route=\/wp\/v2\/types\/page"}],"author":[{"embeddable":true,"href":"https:\/\/www.brillenmacher-schneider.de\/index.php?rest_route=\/wp\/v2\/users\/1"}],"replies":[{"embeddable":true,"href":"https:\/\/www.brillenmacher-schneider.de\/index.php?rest_route=%2Fwp%2Fv2%2Fcomments&post=849"}],"version-history":[{"count":5,"href":"https:\/\/www.brillenmacher-schneider.de\/index.php?rest_route=\/wp\/v2\/pages\/849\/revisions"}],"predecessor-version":[{"id":1074,"href":"https:\/\/www.brillenmacher-schneider.de\/index.php?rest_route=\/wp\/v2\/pages\/849\/revisions\/1074"}],"wp:attachment":[{"href":"https:\/\/www.brillenmacher-schneider.de\/index.php?rest_route=%2Fwp%2Fv2%2Fmedia&parent=849"}],"curies":[{"name":"wp","href":"https:\/\/api.w.org\/{rel}","templated":true}]}}