{"id":78,"date":"2019-06-28T10:43:20","date_gmt":"2019-06-28T08:43:20","guid":{"rendered":"https:\/\/www.brillenmacher-schneider.de\/?page_id=78"},"modified":"2020-04-02T13:38:25","modified_gmt":"2020-04-02T11:38:25","slug":"kontakt-bestellung","status":"publish","type":"page","link":"https:\/\/www.brillenmacher-schneider.de\/?page_id=78","title":{"rendered":"Kontakt \/ Bestellung"},"content":{"rendered":"\n\t<p><strong>Brillenmacher Schneider<\/strong><\/p>\n<strong>Sonnenbergweg 4<\/strong><br \/>\n<strong>38229 Salzgitter(Gebhardshagen)<\/strong>\n<p><strong>Telefon:<\/strong> <strong>05341 &#8211; 71351<\/strong><\/p>\n<p><strong>Fax: 05341 &#8211; 901335 <\/strong><\/p>\n<p><strong>E-Mail: brillenmacher-schneider@t-online.de<\/strong><\/p>\n<p>&nbsp;<\/p>\n<h4><strong>\u00dcber das nachstehende Kontaktformular k\u00f6nnen Sie nat\u00fcrlich auch gerne Ihre Kontaktlinsen bestellen:<\/strong><\/h4>\n\t<h1 class='scf-title'>Kontaktformular<\/h1> <div id=\"send\"><\/div> <form class=\"scf-form\" action=\"\/index.php?rest_route=%2Fwp%2Fv2%2Fpages%2F78\" method=\"post\"><div>Name <span class='required'><\/span><\/div><input type=\"text\" name=\"seos-name\" value=\"\" size=\"50\" \/><\/p><p><div>Telefon oder Mobil <span class='required'><\/span><\/div><input type=\"text\" name=\"seos-phone\" pattern=\"[0-9 ]+\" value=\"\" size=\"50\" \/><\/p><p><div>E-Mail <span class='required'><\/span><\/div><input type=\"email\" name=\"seos-email\" value=\"\" size=\"50\" \/><\/p><br \/><p><div>Betreff<\/div><input type=\"text\" name=\"seos-subject\" value=\"\" size=\"50\" \/><\/p><p><div>Text <span class='required'><\/span><\/div><textarea rows=\"10\" cols=\"50\" name=\"seos-message\"><\/textarea><\/p><p>Ich habe die Datenschutzerkl\u00e4rung zur Kenntnis genommen. Ich stimme zu, dass meine Angaben und Daten zur Beantwortung meiner Anfrage elektronisch erhoben und gespeichert werden. Hinweis: Sie k\u00f6nnen Ihre Einwilligung jederzeit f\u00fcr die Zukunft per E-Mail an brillenmacher-schneider@t-online.de widerrufen.. <br\/>\t<input type=\"checkbox\" name=\"seos_form_checked\" value=\"1\" checked! \/>\r\n\t\r\n\t <span class='required'><\/span><\/p><p> <br\/><input class=\"noselect\" type=\"text\" name=\"rand\" value=\"45+10\" readonly=\"readonly\" \/><label class=\"scf-sum\"> Spamschutz - Bitte l\u00f6sen Sie diese Rechenaufgabe und tragen Sie das Ergebnis hier ein! <\/label><input type=\"text\" name=\"text\" value=\"\" \/> <span class='required'><\/span><\/p><p><input type=\"submit\" name=\"seos-submitted\" value=\"Nachricht abschicken\"><\/p><\/form>\n","protected":false},"excerpt":{"rendered":"<p>Brillenmacher Schneider Sonnenbergweg 4 38229 Salzgitter(Gebhardshagen) Telefon: 05341 &#8211; 71351 Fax: 05341 &#8211; 901335 E-Mail: brillenmacher-schneider@t-online.de &nbsp; \u00dcber das nachstehende Kontaktformular k\u00f6nnen Sie nat\u00fcrlich auch gerne Ihre Kontaktlinsen bestellen:<\/p>\n","protected":false},"author":1,"featured_media":0,"parent":0,"menu_order":0,"comment_status":"closed","ping_status":"closed","template":"","meta":{"ngg_post_thumbnail":0,"footnotes":""},"class_list":["post-78","page","type-page","status-publish","hentry","","tg-column-two"],"yoast_head":"<!-- This site is optimized with the Yoast SEO plugin v26.3 - https:\/\/yoast.com\/wordpress\/plugins\/seo\/ -->\n<title>Kontakt \/ Bestellung | Brillenmacher-Schneider<\/title>\n<meta name=\"robots\" content=\"index, follow, max-snippet:-1, max-image-preview:large, max-video-preview:-1\" \/>\n<link rel=\"canonical\" href=\"https:\/\/www.brillenmacher-schneider.de\/?page_id=78\" \/>\n<meta property=\"og:locale\" content=\"de_DE\" \/>\n<meta property=\"og:type\" content=\"article\" \/>\n<meta property=\"og:title\" content=\"Kontakt \/ Bestellung | Brillenmacher-Schneider\" \/>\n<meta property=\"og:description\" content=\"Brillenmacher Schneider Sonnenbergweg 4 38229 Salzgitter(Gebhardshagen) Telefon: 05341 &#8211; 71351 Fax: 05341 &#8211; 901335 E-Mail: brillenmacher-schneider@t-online.de &nbsp; \u00dcber das nachstehende Kontaktformular k\u00f6nnen Sie nat\u00fcrlich auch gerne Ihre Kontaktlinsen bestellen:\" \/>\n<meta property=\"og:url\" content=\"https:\/\/www.brillenmacher-schneider.de\/?page_id=78\" \/>\n<meta property=\"og:site_name\" content=\"Brillenmacher-Schneider\" \/>\n<meta property=\"article:modified_time\" content=\"2020-04-02T11:38:25+00:00\" \/>\n<meta name=\"twitter:card\" content=\"summary_large_image\" \/>\n<script type=\"application\/ld+json\" class=\"yoast-schema-graph\">{\"@context\":\"https:\/\/schema.org\",\"@graph\":[{\"@type\":\"WebPage\",\"@id\":\"https:\/\/www.brillenmacher-schneider.de\/?page_id=78\",\"url\":\"https:\/\/www.brillenmacher-schneider.de\/?page_id=78\",\"name\":\"Kontakt \/ Bestellung | Brillenmacher-Schneider\",\"isPartOf\":{\"@id\":\"https:\/\/www.brillenmacher-schneider.de\/#website\"},\"datePublished\":\"2019-06-28T08:43:20+00:00\",\"dateModified\":\"2020-04-02T11:38:25+00:00\",\"breadcrumb\":{\"@id\":\"https:\/\/www.brillenmacher-schneider.de\/?page_id=78#breadcrumb\"},\"inLanguage\":\"de\",\"potentialAction\":[{\"@type\":\"ReadAction\",\"target\":[\"https:\/\/www.brillenmacher-schneider.de\/?page_id=78\"]}]},{\"@type\":\"BreadcrumbList\",\"@id\":\"https:\/\/www.brillenmacher-schneider.de\/?page_id=78#breadcrumb\",\"itemListElement\":[{\"@type\":\"ListItem\",\"position\":1,\"name\":\"Startseite\",\"item\":\"https:\/\/www.brillenmacher-schneider.de\/\"},{\"@type\":\"ListItem\",\"position\":2,\"name\":\"Kontakt \/ Bestellung\"}]},{\"@type\":\"WebSite\",\"@id\":\"https:\/\/www.brillenmacher-schneider.de\/#website\",\"url\":\"https:\/\/www.brillenmacher-schneider.de\/\",\"name\":\"Brillenmacher-Schneider\",\"description\":\"\",\"publisher\":{\"@id\":\"https:\/\/www.brillenmacher-schneider.de\/#organization\"},\"potentialAction\":[{\"@type\":\"SearchAction\",\"target\":{\"@type\":\"EntryPoint\",\"urlTemplate\":\"https:\/\/www.brillenmacher-schneider.de\/?s={search_term_string}\"},\"query-input\":{\"@type\":\"PropertyValueSpecification\",\"valueRequired\":true,\"valueName\":\"search_term_string\"}}],\"inLanguage\":\"de\"},{\"@type\":\"Organization\",\"@id\":\"https:\/\/www.brillenmacher-schneider.de\/#organization\",\"name\":\"BRILLENMACHER - SCHNEIDER\",\"url\":\"https:\/\/www.brillenmacher-schneider.de\/\",\"logo\":{\"@type\":\"ImageObject\",\"inLanguage\":\"de\",\"@id\":\"https:\/\/www.brillenmacher-schneider.de\/#\/schema\/logo\/image\/\",\"url\":\"https:\/\/www.brillenmacher-schneider.de\/wp-content\/uploads\/2021\/09\/log.jpg\",\"contentUrl\":\"https:\/\/www.brillenmacher-schneider.de\/wp-content\/uploads\/2021\/09\/log.jpg\",\"width\":389,\"height\":123,\"caption\":\"BRILLENMACHER - SCHNEIDER\"},\"image\":{\"@id\":\"https:\/\/www.brillenmacher-schneider.de\/#\/schema\/logo\/image\/\"}}]}<\/script>\n<!-- \/ Yoast SEO plugin. -->","yoast_head_json":{"title":"Kontakt \/ Bestellung | Brillenmacher-Schneider","robots":{"index":"index","follow":"follow","max-snippet":"max-snippet:-1","max-image-preview":"max-image-preview:large","max-video-preview":"max-video-preview:-1"},"canonical":"https:\/\/www.brillenmacher-schneider.de\/?page_id=78","og_locale":"de_DE","og_type":"article","og_title":"Kontakt \/ Bestellung | Brillenmacher-Schneider","og_description":"Brillenmacher Schneider Sonnenbergweg 4 38229 Salzgitter(Gebhardshagen) Telefon: 05341 &#8211; 71351 Fax: 05341 &#8211; 901335 E-Mail: brillenmacher-schneider@t-online.de &nbsp; \u00dcber das nachstehende Kontaktformular k\u00f6nnen Sie nat\u00fcrlich auch gerne Ihre Kontaktlinsen bestellen:","og_url":"https:\/\/www.brillenmacher-schneider.de\/?page_id=78","og_site_name":"Brillenmacher-Schneider","article_modified_time":"2020-04-02T11:38:25+00:00","twitter_card":"summary_large_image","schema":{"@context":"https:\/\/schema.org","@graph":[{"@type":"WebPage","@id":"https:\/\/www.brillenmacher-schneider.de\/?page_id=78","url":"https:\/\/www.brillenmacher-schneider.de\/?page_id=78","name":"Kontakt \/ Bestellung | Brillenmacher-Schneider","isPartOf":{"@id":"https:\/\/www.brillenmacher-schneider.de\/#website"},"datePublished":"2019-06-28T08:43:20+00:00","dateModified":"2020-04-02T11:38:25+00:00","breadcrumb":{"@id":"https:\/\/www.brillenmacher-schneider.de\/?page_id=78#breadcrumb"},"inLanguage":"de","potentialAction":[{"@type":"ReadAction","target":["https:\/\/www.brillenmacher-schneider.de\/?page_id=78"]}]},{"@type":"BreadcrumbList","@id":"https:\/\/www.brillenmacher-schneider.de\/?page_id=78#breadcrumb","itemListElement":[{"@type":"ListItem","position":1,"name":"Startseite","item":"https:\/\/www.brillenmacher-schneider.de\/"},{"@type":"ListItem","position":2,"name":"Kontakt \/ Bestellung"}]},{"@type":"WebSite","@id":"https:\/\/www.brillenmacher-schneider.de\/#website","url":"https:\/\/www.brillenmacher-schneider.de\/","name":"Brillenmacher-Schneider","description":"","publisher":{"@id":"https:\/\/www.brillenmacher-schneider.de\/#organization"},"potentialAction":[{"@type":"SearchAction","target":{"@type":"EntryPoint","urlTemplate":"https:\/\/www.brillenmacher-schneider.de\/?s={search_term_string}"},"query-input":{"@type":"PropertyValueSpecification","valueRequired":true,"valueName":"search_term_string"}}],"inLanguage":"de"},{"@type":"Organization","@id":"https:\/\/www.brillenmacher-schneider.de\/#organization","name":"BRILLENMACHER - SCHNEIDER","url":"https:\/\/www.brillenmacher-schneider.de\/","logo":{"@type":"ImageObject","inLanguage":"de","@id":"https:\/\/www.brillenmacher-schneider.de\/#\/schema\/logo\/image\/","url":"https:\/\/www.brillenmacher-schneider.de\/wp-content\/uploads\/2021\/09\/log.jpg","contentUrl":"https:\/\/www.brillenmacher-schneider.de\/wp-content\/uploads\/2021\/09\/log.jpg","width":389,"height":123,"caption":"BRILLENMACHER - SCHNEIDER"},"image":{"@id":"https:\/\/www.brillenmacher-schneider.de\/#\/schema\/logo\/image\/"}}]}},"_links":{"self":[{"href":"https:\/\/www.brillenmacher-schneider.de\/index.php?rest_route=\/wp\/v2\/pages\/78","targetHints":{"allow":["GET"]}}],"collection":[{"href":"https:\/\/www.brillenmacher-schneider.de\/index.php?rest_route=\/wp\/v2\/pages"}],"about":[{"href":"https:\/\/www.brillenmacher-schneider.de\/index.php?rest_route=\/wp\/v2\/types\/page"}],"author":[{"embeddable":true,"href":"https:\/\/www.brillenmacher-schneider.de\/index.php?rest_route=\/wp\/v2\/users\/1"}],"replies":[{"embeddable":true,"href":"https:\/\/www.brillenmacher-schneider.de\/index.php?rest_route=%2Fwp%2Fv2%2Fcomments&post=78"}],"version-history":[{"count":6,"href":"https:\/\/www.brillenmacher-schneider.de\/index.php?rest_route=\/wp\/v2\/pages\/78\/revisions"}],"predecessor-version":[{"id":867,"href":"https:\/\/www.brillenmacher-schneider.de\/index.php?rest_route=\/wp\/v2\/pages\/78\/revisions\/867"}],"wp:attachment":[{"href":"https:\/\/www.brillenmacher-schneider.de\/index.php?rest_route=%2Fwp%2Fv2%2Fmedia&parent=78"}],"curies":[{"name":"wp","href":"https:\/\/api.w.org\/{rel}","templated":true}]}}